uppose -h*y = k - 93, 0*y - 4*y = -k - 69. What is the highest common factor of 12 and y?
6
Let s be (16 + -15)/((-2)/(-184)). What is the greatest common factor of 46 and s?
46
Let n = -10 - -3. Let x = n - -32. Let c = 3 - -7. What is the greatest common factor of x and c?
5
Let z = -65 - -67. Let l be -1 + -2 + z - (-19 - -2). What is the greatest common factor of 40 and l?
8
Let n be (-2)/(-22) + 1312/88. Calculate the greatest common divisor of 255 and n.
15
Let n = -2969 - -3032. Calculate the highest common factor of n and 112.
7
Suppose 3*m - 8 - 40 = 0. Suppose -m = t - 5*t, 72 = 3*y + 3*t. Suppose -4*i - 5*h + 275 = -4*h, 4*h = -y. What is the highest common factor of 35 and i?
35
Suppose 4*o = 4*k - 204, o - 180 = -4*k - 3*o. Suppose 0 = 3*n - 74 - 22. What is the highest common divisor of k and n?
16
Suppose -4*j = -2*j - 3*f - 60, 0 = -5*j + 3*f + 168. Calculate the greatest common divisor of 63 and j.
9
Let y = -112 - -266. Calculate the highest common factor of 28 and y.
14
Suppose -2*o + 6*o = 56. Let j be 29 - (-6 + 70/5). What is the highest common factor of j and o?
7
Suppose 4*u + 49*j = 44*j + 23, -3*u + 41 = -j. What is the greatest common factor of 1212 and u?
12
Let c be (24/(-14))/((-4)/14). Let z be 2/1*24/c. Calculate the highest common divisor of z and 2.
2
Suppose -86*j + 300 = -83*j. Let t = 0 - -10. Calculate the greatest common factor of j and t.
10
Let h be (-82)/(-7) + 10/35. Suppose 129*d - 131*d + 8 = 0. What is the highest common factor of d and h?
4
Suppose 11*p + 34 = 12*p - 3*w, 0 = -5*w - 10. What is the highest common divisor of 4 and p?
4
Let z = 269 - 254. What is the greatest common divisor of z and 9?
3
Suppose -5*s = 4*o - 245, 3*s + o + 3*o = 147. Let x = s - -1. What is the highest common factor of 10 and x?
10
Let f(i) = 2*i**2 - 2*i - 5. Let a be f(5). Suppose -3*p + p + 2 = 0, -4*u = p - 57. What is the highest common factor of a and u?
7
Let y be (-6)/(-21) - (-500)/14. Let q be 23/3 + 11/33. Let u be 3170/q - 10/40. Calculate the greatest common divisor of u and y.
36
Let q(c) = -c**2 - 9*c - 14. Let i be q(-6). Suppose v - i*k = 4*v - 52, k = -5. Suppose -792 = -2*o - o. Calculate the greatest common factor of o and v.
24
Let i = 960 + -639. What is the highest common divisor of 107 and i?
107
Let z(x) = -x**2 - 15*x + 37. Let i be z(-13). Let u be (7/2)/(5/30). What is the greatest common divisor of u and i?
21
Let c(z) be the second derivative of -1/12*z**4 + 2*z**2 - 5/2*z**3 + 0 + 6*z. Let o be c(-7). Calculate the greatest common factor of o and 150.
30
Let n = -15 + 18. Suppose 4*v - 503 + 95 = 2*g, 5*v - n*g - 512 = 0. Calculate the greatest common factor of v and 40.
20
Let d(v) = 8 + 0*v - 5*v + 4*v. Let t be d(-7). Suppose 0 = -4*p - s + 43, p = 5*p - 5*s - 25. What is the greatest common factor of t and p?
5
Let l(g) = -g**2 + 21*g - 8. Suppose -5*b - 2*m + 0*m + 100 = 0, -4*m + 100 = 5*b. Let i be l(b). What is the greatest common factor of 36 and i?
12
Suppose -8*m - 581 = 211. Let v = -84 - m. Calculate the highest common factor of 165 and v.
15
Suppose -44 = 9*u - 197. Suppose 0 = -3*f + 30 + 153. Suppose -a + 85 = 5*x - 175, -f = -x - 2*a. What is the greatest common divisor of u and x?
17
Let h = -6 + 18. Let w be h/9*-6*-1. Calculate the greatest common factor of w and 64.
8
Let a(p) = 15*p - 222. Let r be a(26). Calculate the greatest common factor of 12 and r.
12
Suppose 0 = -102*s + 83*s + 14858. What is the greatest common factor of s and 46?
46
Let m be -2 + (-4*1 - (-13 - 27)). What is the greatest common divisor of m and 153?
17
Suppose 3*y - d = 189, 0*d = -4*y - 5*d + 271. Let f be (0 + 16)*5/10. What is the highest common divisor of y and f?
8
Suppose -i + 42 = 5*i. Let x be i*(8/(-2) + 30). Suppose -10 = -p + 4*k, -4*p + 100 = -0*p - k. What is the highest common factor of x and p?
26
Suppose 0 = 8*y + 101 - 149. Suppose 0*v - 3*v + 198 = 0. Calculate the highest common divisor of v and y.
6
Let z(u) = u**3 + 14*u**2 + 21*u - 7. Let j be z(-13). Let n = 139 + j. What is the greatest common divisor of n and 14?
14
Suppose -3*p - 120 = -8*p. Let t = -11183 - -11189. What is the greatest common factor of p and t?
6
Let i be (24/(-3))/2 - (-88)/2. Calculate the highest common divisor of i and 170.
10
Suppose -3*j = 5*l - 16, -l - 2 + 6 = j. Let g be ((-101)/(-5) - -5)/(j/10). What is the highest common divisor of 14 and g?
14
Let a be (-4 - (-10 + 0))/2. Let n be a/(-18)*-9*2 + 38. Calculate the highest common divisor of 82 and n.
41
Suppose 501*q - 507*q = -3420. What is the highest common factor of q and 30?
30
Suppose a + 8 = v, -2*v - 5 + 33 = -5*a. Suppose -v*j = 3*j - 161. What is the highest common divisor of j and 161?
23
Suppose -14 - 10 = -2*z. Suppose -5*t + 655 = -0*t. Let o = t + -35. Calculate the highest common divisor of z and o.
12
Let x = -298 - -312. What is the highest common divisor of 21 and x?
7
Suppose -58*m = -57*m - 135. What is the highest common divisor of 27 and m?
27
Suppose 0 = -i + 5*i + 2*w - 30, 0 = 5*i - 5*w - 45. Let r = -2772 - -2784. Calculate the highest common divisor of i and r.
4
Let j be -7*368/(-8) + -3. What is the greatest common divisor of 29 and j?
29
Let j(q) = 4*q**3 + 2*q - 12. Let k be j(3). What is the highest common divisor of k and 425?
17
Let x be (255 + 21 + -20)*(3/(-6) + 1). Let c = 36 - -60. What is the highest common divisor of c and x?
32
Suppose -4*x + 168 = 4*d, 4*x - d = 8*x - 168. Calculate the highest common divisor of x and 42.
42
Let i(u) = 3 + 3 + 3*u - 42*u - 24*u. Let q be i(-2). Calculate the greatest common factor of q and 44.
44
Let f(y) = -y**3 + y**2 + 15*y - 16. Let v be f(3). Calculate the highest common divisor of v and 451.
11
Suppose -91 = 2*d + 3*c, d + 19 = 4*c - 10. Let b = -3 - d. Suppose -4*r - 3*f = -201, -r + 2*f + 4 = -b. What is the highest common divisor of r and 32?
16
Let x be (-3)/5 + 1467/45. Suppose -g = 3*g - x. What is the greatest common factor of g and 72?
8
Suppose -c = -2*c + 5*r + 25, -84 = -4*c + 4*r. Let w be (0 + 1)/(c - 19)*11. Calculate the greatest common factor of w and 121.
11
Suppose 5*o - 5*g - 15 = 0, -4*g = -5*o + 11 + 9. Suppose 0 = -2*n + o*n - 480. What is the highest common divisor of 16 and n?
16
Suppose -6*y + 3*b + 255 = -2*y, 4*y - 245 = b. Let p = 41 + -71. Let u = p + y. Calculate the highest common factor of u and 15.
15
Let g(t) = 16 - t**2 - 4 - 5 - 19*t + 16. Let k be g(-20). Suppose 0 = 2*y + k*h - 35, -3*h - 42 = -4*y + 19. What is the greatest common divisor of y and 32?
16
Suppose 5*s + 3*o - 3744 = 0, -3*o - 1506 = 4*s - 6*s. Calculate the greatest common factor of 30 and s.
30
Suppose -b = 48 - 49, -3*b = 3*q - 18. What is the highest common divisor of q and 1535?
5
Let j(l) = 26*l + 9. Let u be j(-2). Let c = -23 - u. Calculate the greatest common divisor of 220 and c.
20
Let j(c) = 18 - 4 + c + 21. Let k be j(0). Calculate the highest common factor of 14 and k.
7
Let o = 19 - 6. Let k = 520 - 429. Calculate the highest common factor of o and k.
13
Let l be (24/18)/(4/18). Suppose 0 = -l*p + 1237 - 145. What is the greatest common factor of p and 26?
26
Let j(t) = -t**2 - 37*t - 55. Let g be j(-20). What is the greatest common factor of g and 15?
15
Suppose 0 = -2*k + 5*k + 5*f - 17, -3*k - 7 = -f. Let d = 11 - k. Suppose -2*b + 56 = -40. Calculate the greatest common factor of d and b.
12
Let m(s) = 48*s - 36. Let r be m(14). Calculate the greatest common factor of 12 and r.
12
Suppose 3*q + 9 = 12. Let m be (-77)/(-33) + ((-6)/(-9) - q). Calculate the greatest common divisor of 1 and m.
1
Suppose 2281*g = 2272*g + 3591. Calculate the highest common divisor of 76 and g.
19
Let z(d) = -d**3 - 35*d**2 + 141*d + 162. Let k be z(-39). What is the highest common factor of k and 9?
9
Let m(w) = w**2 + 4*w. Let b be m(-5). Let n be (4/16)/(10/(-16)) + (-3178)/(-70). What is the greatest common factor of b and n?
5
Let p be (1*10)/(7/77). Let y(z) = -9*z**3 + z**2 - z - 1. Let t be y(-1). Calculate the highest common factor of t and p.
10
Let s(r) = 5*r - 4. Let k be s(-4). Suppose p - 4*l + 21 = 0, 14*p - 18*p = 5*l. Let m be k/p*(-120)/(-18). Calculate the greatest common factor of m and 8.
8
Suppose y = -3, -5*a = -6*y + y + 25. 